s 434 divide 994070?
False
Does 1223 divide 58940275?
False
Is 9 a factor of 48044487?
False
Does 99 divide 30799037?
False
Is 20 a factor of 1609204797?
False
Does 1837 divide 862006196?
False
Does 13 divide 2173211183?
True
Is 73 a factor of 200354479?
False
Does 9 divide 11936465?
False
Is 5730 a factor of 1661986500?
True
Is 4 a factor of 4423981?
False
Does 34 divide 376162502?
True
Is 7721155 a multiple of 5?
True
Is 16 a factor of 3918432?
True
Is 1585035363 a multiple of 2871?
False
Is 2729 a factor of 42545110?
True
Does 20 divide 370354631?
False
Is 5 a factor of 84580?
True
Is 940 a factor of 408876610?
False
Is 13 a factor of 2637112970?
False
Is 36425820 a multiple of 4?
True
Is 214 a factor of 810410102?
False
Does 16 divide 37922206?
False
Is 6832212 a multiple of 18?
False
Is 957480792 a multiple of 12?
True
Is 382569640 a multiple of 1480?
True
Does 16 divide 1972304?
True
Is 3860 a factor of 71150903?
False
Does 267 divide 14203332?
True
Is 6 a factor of 135701914?
False
Does 168 divide 219506913?
False
Does 465 divide 6396075?
True
Is 56950289 a multiple of 1189?
False
Does 5377 divide 1950192055?
False
Does 503 divide 44962611?
False
Does 21 divide 479998617?
True
Is 867766632 a multiple of 19?
True
Does 4 divide 35926157?
False
Does 702 divide 320815404?
True
Is 47006840 a multiple of 1433?
False
Does 6 divide 54404896?
False
Does 1055 divide 5080880?
True
Does 27 divide 23126094?
True
Does 160 divide 220138080?
True
Is 3059259336 a multiple of 98?
True
Is 7 a factor of 48267926?
True
Does 18 divide 309207494?
False
Is 16 a factor of 60341152?
True
Is 404 a factor of 68812936?
False
Is 18 a factor of 647838680?
False
Is 305206380 a multiple of 1286?
True
Does 366 divide 8662152?
False
Is 240 a factor of 16095360?
True
Is 158400240 a multiple of 12?
True
Is 70763828 a multiple of 58?
True
Is 475 a factor of 204670850?
True
Is 505928533 a multiple of 51?
False
Does 491 divide 211158969?
True
Does 1407 divide 8030987?
False
Does 129 divide 47355126?
True
Is 30 a factor of 22591410?
True
Is 4 a factor of 248162588?
True
Does 4 divide 8550208?
True
Is 4 a factor of 25582960?
True
Is 12641310 a multiple of 66?
True
Is 355 a factor of 129408284?
False
Is 303253836 a multiple of 4586?
True
Is 6625 a factor of 528774769?
False
Is 220 a factor of 2034555108?
False
Is 368 a factor of 161609776?
True
Does 747 divide 168688287?
True
Is 190 a factor of 55087049?
False
Does 103 divide 1024235873?
False
Does 5 divide 300795768?
False
Is 18 a factor of 67521456?
True
Is 1525981463 a multiple of 163?
False
Is 43 a factor of 74767199?
False
Is 247 a factor of 128523733?
True
Is 278 a factor of 120204869?
False
Does 40 divide 162793920?
True
Is 133 a factor of 4101966?
False
Is 25 a factor of 572248450?
True
Is 45 a factor of 220105485?
True
Is 496668596 a multiple of 11?
False
Does 41 divide 38157660?
False
Does 15 divide 292785795?
True
Does 29 divide 8853766?
False
Is 26412759 a multiple of 22?
False
Is 2 a factor of 3678202?
True
Is 11 a factor of 1427641?
False
Is 29722704 a multiple of 30?
False
Is 21 a factor of 1557926790?
True
Is 171 a factor of 174142905?
False
Does 138 divide 4748409?
False
Does 26 divide 18282546?
False
Does 10242 divide 3077317945?
False
Is 1874 a factor of 28138110?
True
Does 162 divide 33158172?
False
Is 119 a factor of 144843654?
False
Is 32 a factor of 5350369?
False
Does 8 divide 23746544?
True
Is 159 a factor of 763405120?
False
Is 10312659 a multiple of 45?
False
Is 170 a factor of 32487850?
True
Does 17 divide 32985435?
False
Is 856353925 a multiple of 25?
True
Does 71 divide 65029823?
True
Is 110840265 a multiple of 45?
True
Does 7 divide 51974031?
False
Does 84 divide 355365024?
True
Is 75044112 a multiple of 52?
True
Is 55 a factor of 1346708596?
False
Does 341 divide 305349978?
False
Is 4071 a factor of 108725957?
False
Is 69 a factor of 995038305?
True
Does 72 divide 391696250?
False
Is 158 a factor of 161303484?
False
Is 1507 a factor of 2521283336?
True
Is 29576496 a multiple of 6?
True
Does 16 divide 1716940023?
False
Is 774 a factor of 21593790?
False
Is 19 a factor of 373282659?
False
Is 84 a factor of 828031680?
True
Is 51455907 a multiple of 4?
False
Does 164 divide 98336860?
True
Is 125726735 a multiple of 3?
False
Is 247 a factor of 1401030889?
False
Is 397 a factor of 577721418?
False
Is 3994985765 a multiple of 149?
True
Is 17 a factor of 64074632?
True
Does 203 divide 37429246?
False
Does 1801 divide 1021120174?
True
Is 7863 a factor of 7390707085?
False
Is 8 a factor of 228554465?
False
Is 233 a factor of 59971151?
False
Does 19 divide 17443349?
True
Is 47 a factor of 27509520?
False
Does 11 divide 457619749?
False
Is 4880225 a multiple of 395?
True
Is 81592840 a multiple of 152?
True
Does 2681 divide 22820672?
True
Does 44 divide 178199665?
False
Is 9 a factor of 7997967?
True
Is 2397600 a multiple of 1296?
True
Does 38 divide 295953462?
True
Is 106 a factor of 306811912?
True
Is 3653407114 a multiple of 47?
False
Is 370920732 a multiple of 156?
True
Is 329 a factor of 1268157175?
False
Is 143 a factor of 25438270?
True
Is 16 a factor of 120090052?
False
Is 916 a factor of 484034698?
False
Is 1860024544 a multiple of 28?
True
Is 159 a factor of 3945759?
False
Is 6 a factor of 3882258?
True
Does 255 divide 102947070?
True
Does 13 divide 51745993?
True
Is 63525728 a multiple of 7?
True
Does 15 divide 1019210511?
False
Does 3036 divide 523036008?
True
Does 97 divide 155001441?
True
Is 711 a factor of 4128777?
True
Is 12 a factor of 92026686?
False
Does 120 divide 12888784?
False
Does 543 divide 35957722?
False
Is 576 a factor of 391671936?
True
Does 164 divide 233478468?
False
Is 109835203 a multiple of 94?
False
Is 498535016 a multiple of 658?
True
Is 10796629 a multiple of 3?
False
Does 42 divide 16821378?
True
Does 3 divide 13380323?
False
Is 30661294 a multiple of 58?
True
Is 16 a factor of 785238672?
True
Does 247 divide 90273311?
False
Is 431095234 a multiple of 475?
False
Is 14 a factor of 11713982?
True
Is 173391821 a multiple of 88?
False
Is 101636933 a multiple of 2903?
True
Does 894 divide 276458772?
True
Does 24 divide 256973736?
True
Is 6 a factor of 3380589600?
True
Does 2557 divide 38762129?
False
Is 3111462035 a multiple of 55?
True
Is 127972460 a multiple of 22?
True
Is 293 a factor of 4495571?
False
Is 14 a factor of 8096466?
True
Is 236800 a multiple of 32?
True
Does 211 divide 38337423?
False
Does 24 divide 37894368?
True
Is 7924690 a multiple of 113?
True
Is 149 a factor of 1358091194?
True
Does 16 divide 32295264?
True
Is 6603022 a multiple of 732?
False
Is 85844022 a multiple of 426?
False
Is 74 a factor of 75806266?
True
Is 1544 a factor of 68644696?
True
Is 9112047 a multiple of 11?
False
Is 2 a factor of 34724501?
False
Is 42522995 a multiple of 15?
False
Is 624257205 a multiple of 143?
True
Is 60 a factor of 761934660?
True
Does 37 divide 94394753?
False
Is 31 a factor of 159853164?
False
Is 3624086760 a multiple of 41?
True
Does 1602 divide 40117284?
True
Is 82620260 a multiple of 38?
False
Does 1194 divide 19208283?
False
Is 4 a factor of 518967173?
False
Is 18155448 a multiple of 1917?
False
Is 99 a factor of 31162626?
True
Does 81 divide 127252815?
False
Is 18234699 a multiple of 437?
True
Is 36 a factor of 145130631?
False
Is 360 a factor of 390560400?
True
Does 37 divide 40143150?
True
Is 89 a factor of 325034675?
True
Is 15 a factor of 28875120?
True
Does 4928 divide 4509120?
True
Is 927787169 a multiple of 14?
False
Is 36484419 a multiple of 14?
False
Is 5547474108 a multiple of 94?
True
Is 130 a factor of 249870546?
False
Is 1537026125 a multiple of 9?
False
Is 536872716 a multiple of 9?
True
Is 22 a factor of 4651201?
False
Is 78 a factor of 93253350?
False
Does 43 divide 97249017?
False
Is 531870783 a multiple of 4?
False
Is 4494236 a multiple of 99?
False
Is 499499970 a multiple of 10?
True
Is 131523924 a multiple of 14?
True
Is 371046936 a multiple of 4394?
True
Is 105 a factor of 5422095?
True
Is 459 a factor of 53003943?
True
Does 58 divide 872858066?
True
Is 538040065 a multiple of 107?
False
Is 304 a factor of 60910656?
True
Is 19147977 a multiple of 161?
False
Does 5643 divide 946381887?
True
Does 21 divide 12775460?
False
Is 11 a factor of